{"id":1801,"date":"2022-08-17T16:38:42","date_gmt":"2022-08-17T16:38:42","guid":{"rendered":"https:\/\/www.familydoc.at\/index.php\/presentacion\/"},"modified":"2023-02-20T22:16:02","modified_gmt":"2023-02-20T22:16:02","slug":"presentacion","status":"publish","type":"page","link":"https:\/\/www.familydoc.at\/index.php\/presentacion\/?lang=es","title":{"rendered":"Presentaci\u00f3n"},"content":{"rendered":"\t\t<div data-elementor-type=\"wp-page\" data-elementor-id=\"1801\" class=\"elementor elementor-1801 elementor-17\" data-elementor-post-type=\"page\">\n\t\t\t\t\t\t<section class=\"elementor-section elementor-top-section elementor-element elementor-element-8c4af1e elementor-section-boxed elementor-section-height-default elementor-section-height-default\" data-id=\"8c4af1e\" data-element_type=\"section\" data-e-type=\"section\">\n\t\t\t\t\t\t<div class=\"elementor-container elementor-column-gap-default\">\n\t\t\t\t\t<div class=\"elementor-column elementor-col-100 elementor-top-column elementor-element elementor-element-5b458a0\" data-id=\"5b458a0\" data-element_type=\"column\" data-e-type=\"column\">\n\t\t\t<div class=\"elementor-widget-wrap elementor-element-populated\">\n\t\t\t\t\t\t<div class=\"elementor-element elementor-element-a23e22e elementor-widget elementor-widget-heading\" data-id=\"a23e22e\" data-element_type=\"widget\" data-e-type=\"widget\" data-widget_type=\"heading.default\">\n\t\t\t\t<div class=\"elementor-widget-container\">\n\t\t\t\t\t<h1 class=\"elementor-heading-title elementor-size-default\">Me presento<\/h1>\t\t\t\t<\/div>\n\t\t\t\t<\/div>\n\t\t\t\t<div class=\"elementor-element elementor-element-58e9b94 elementor-widget-divider--view-line elementor-widget elementor-widget-divider\" data-id=\"58e9b94\" data-element_type=\"widget\" data-e-type=\"widget\" data-widget_type=\"divider.default\">\n\t\t\t\t<div class=\"elementor-widget-container\">\n\t\t\t\t\t\t\t<div class=\"elementor-divider\">\n\t\t\t<span class=\"elementor-divider-separator\">\n\t\t\t\t\t\t<\/span>\n\t\t<\/div>\n\t\t\t\t\t\t<\/div>\n\t\t\t\t<\/div>\n\t\t\t\t<div class=\"elementor-element elementor-element-14111b1 elementor-widget__width-initial elementor-fixed elementor-view-default elementor-widget elementor-widget-global elementor-global-637 elementor-widget-icon\" data-id=\"14111b1\" data-element_type=\"widget\" data-e-type=\"widget\" data-settings=\"{&quot;_position&quot;:&quot;fixed&quot;}\" data-widget_type=\"icon.default\">\n\t\t\t\t<div class=\"elementor-widget-container\">\n\t\t\t\t\t\t\t<div class=\"elementor-icon-wrapper\">\n\t\t\t<a class=\"elementor-icon elementor-animation-grow\" href=\"#top\">\n\t\t\t<i aria-hidden=\"true\" class=\"fas fa-arrow-circle-up\"><\/i>\t\t\t<\/a>\n\t\t<\/div>\n\t\t\t\t\t\t<\/div>\n\t\t\t\t<\/div>\n\t\t\t\t\t<\/div>\n\t\t<\/div>\n\t\t\t\t\t<\/div>\n\t\t<\/section>\n\t\t\t\t<section class=\"elementor-section elementor-top-section elementor-element elementor-element-afef007 elementor-section-boxed elementor-section-height-default elementor-section-height-default\" data-id=\"afef007\" data-element_type=\"section\" data-e-type=\"section\">\n\t\t\t\t\t\t<div class=\"elementor-container elementor-column-gap-no\">\n\t\t\t\t\t<div class=\"elementor-column elementor-col-50 elementor-top-column elementor-element elementor-element-664060e\" data-id=\"664060e\" data-element_type=\"column\" data-e-type=\"column\" data-settings=\"{&quot;background_background&quot;:&quot;classic&quot;}\">\n\t\t\t<div class=\"elementor-widget-wrap elementor-element-populated\">\n\t\t\t\t\t<div class=\"elementor-background-overlay\"><\/div>\n\t\t\t\t\t\t<div class=\"elementor-element elementor-element-2de04ee elementor-widget elementor-widget-text-editor\" data-id=\"2de04ee\" data-element_type=\"widget\" data-e-type=\"widget\" data-widget_type=\"text-editor.default\">\n\t\t\t\t<div class=\"elementor-widget-container\">\n\t\t\t\t\t\t\t\t\t<p class=\"p1\"><strong>Mi nombre es Jos\u00e9 M. Ozcariz Eizaguirre.<\/strong><\/p>\n<p class=\"p1\">Nac\u00ed en la ciudad de San Sebasti\u00e1n en el norte de Espa\u00f1a. Estudi\u00e9 Medicina en la Universidad del Pa\u00eds Vasco ubicada en Bilbao.<\/p>\n\t\t\t\t\t\t\t\t<\/div>\n\t\t\t\t<\/div>\n\t\t\t\t\t<\/div>\n\t\t<\/div>\n\t\t\t\t<div class=\"elementor-column elementor-col-50 elementor-top-column elementor-element elementor-element-a312958\" data-id=\"a312958\" data-element_type=\"column\" data-e-type=\"column\" data-settings=\"{&quot;background_background&quot;:&quot;classic&quot;}\">\n\t\t\t<div class=\"elementor-widget-wrap elementor-element-populated\">\n\t\t\t\t\t\t<div class=\"elementor-element elementor-element-e5e3b63 elementor-hidden-desktop elementor-hidden-tablet elementor-widget elementor-widget-image\" data-id=\"e5e3b63\" data-element_type=\"widget\" data-e-type=\"widget\" data-widget_type=\"image.default\">\n\t\t\t\t<div class=\"elementor-widget-container\">\n\t\t\t\t\t\t\t\t\t\t\t\t\t\t\t<img decoding=\"async\" src=\"https:\/\/www.familydoc.at\/wp-content\/uploads\/elementor\/thumbs\/DSC_4289Jose_k-q25qslfo45ci9geji5bsbn07d0n8y435s9asj1ueq8.jpg\" title=\"DSC_4289Jose_k\" alt=\"Portrait Jose M. Ozcariz Eizaguirre\" loading=\"lazy\" \/>\t\t\t\t\t\t\t\t\t\t\t\t\t\t\t<\/div>\n\t\t\t\t<\/div>\n\t\t\t\t\t<\/div>\n\t\t<\/div>\n\t\t\t\t\t<\/div>\n\t\t<\/section>\n\t\t\t\t<section class=\"elementor-section elementor-top-section elementor-element elementor-element-f0040b8 elementor-section-boxed elementor-section-height-default elementor-section-height-default\" data-id=\"f0040b8\" data-element_type=\"section\" data-e-type=\"section\">\n\t\t\t\t\t\t<div class=\"elementor-container elementor-column-gap-no\">\n\t\t\t\t\t<div class=\"elementor-column elementor-col-50 elementor-top-column elementor-element elementor-element-cb10aed elementor-hidden-mobile\" data-id=\"cb10aed\" data-element_type=\"column\" data-e-type=\"column\" data-settings=\"{&quot;background_background&quot;:&quot;classic&quot;}\">\n\t\t\t<div class=\"elementor-widget-wrap\">\n\t\t\t\t\t\t\t<\/div>\n\t\t<\/div>\n\t\t\t\t<div class=\"elementor-column elementor-col-50 elementor-top-column elementor-element elementor-element-ddd035d\" data-id=\"ddd035d\" data-element_type=\"column\" data-e-type=\"column\" data-settings=\"{&quot;background_background&quot;:&quot;classic&quot;}\">\n\t\t\t<div class=\"elementor-widget-wrap elementor-element-populated\">\n\t\t\t\t\t<div class=\"elementor-background-overlay\"><\/div>\n\t\t\t\t\t\t<div class=\"elementor-element elementor-element-a4485cb elementor-widget elementor-widget-text-editor\" data-id=\"a4485cb\" data-element_type=\"widget\" data-e-type=\"widget\" data-widget_type=\"text-editor.default\">\n\t\t\t\t<div class=\"elementor-widget-container\">\n\t\t\t\t\t\t\t\t\t<p><strong>Despu\u00e9s de terminar mis estudios<\/strong>, decid\u00ed trasladarme a Londres.<\/p>\n<p>De 1991 a 1996 trabaje en <strong>diferentes departamentos<\/strong> <b>m\u00e9dicos<\/b> y quir\u00fargicos en varios hospitales y ambulatorios. Despu\u00e9s de terminar mi formaci\u00f3n, comenc\u00e9 a trabajar como <strong>M\u00e9dico general<\/strong> o de Familia en Londres. <\/p>\n<p>Simult\u00e1neamente obtuve el <strong>Diploma en Medicina Tropical e Higiene<\/strong> en la London School of Hygiene and Tropical Medicine as\u00ed como el <strong>Diploma en Planificaci\u00f3n Familiar<\/strong>.<\/p>\n\t\t\t\t\t\t\t\t<\/div>\n\t\t\t\t<\/div>\n\t\t\t\t<div class=\"elementor-element elementor-element-3f0a549 elementor-hidden-desktop elementor-hidden-tablet elementor-widget elementor-widget-image\" data-id=\"3f0a549\" data-element_type=\"widget\" data-e-type=\"widget\" data-widget_type=\"image.default\">\n\t\t\t\t<div class=\"elementor-widget-container\">\n\t\t\t\t\t\t\t\t\t\t\t\t\t\t\t<img decoding=\"async\" src=\"https:\/\/www.familydoc.at\/wp-content\/uploads\/elementor\/thumbs\/DSC_5050_k-q25qtso8uizp3inqho0mic3eoqq4s6uta7b4ls2as0.jpg\" title=\"DSC_5050_k\" alt=\"private doctor for the family\" loading=\"lazy\" \/>\t\t\t\t\t\t\t\t\t\t\t\t\t\t\t<\/div>\n\t\t\t\t<\/div>\n\t\t\t\t\t<\/div>\n\t\t<\/div>\n\t\t\t\t\t<\/div>\n\t\t<\/section>\n\t\t\t\t<section class=\"elementor-section elementor-top-section elementor-element elementor-element-043c25d elementor-section-boxed elementor-section-height-default elementor-section-height-default\" data-id=\"043c25d\" data-element_type=\"section\" data-e-type=\"section\">\n\t\t\t\t\t\t<div class=\"elementor-container elementor-column-gap-no\">\n\t\t\t\t\t<div class=\"elementor-column elementor-col-50 elementor-top-column elementor-element elementor-element-9ee3ae2\" data-id=\"9ee3ae2\" data-element_type=\"column\" data-e-type=\"column\" data-settings=\"{&quot;background_background&quot;:&quot;classic&quot;}\">\n\t\t\t<div class=\"elementor-widget-wrap elementor-element-populated\">\n\t\t\t\t\t<div class=\"elementor-background-overlay\"><\/div>\n\t\t\t\t\t\t<div class=\"elementor-element elementor-element-dfe8ff2 elementor-widget elementor-widget-text-editor\" data-id=\"dfe8ff2\" data-element_type=\"widget\" data-e-type=\"widget\" data-widget_type=\"text-editor.default\">\n\t\t\t\t<div class=\"elementor-widget-container\">\n\t\t\t\t\t\t\t\t\t<p class=\"p1\"><strong>En diciembre de 1999<\/strong> me instal\u00e9 junto con mi esposa austriaca en Viena. Dos a\u00f1os m\u00e1s tarde, abr\u00ed mi propia consulta.<\/p>\n<p class=\"p1\">Estoy registrado en Viena como <strong>Arzt f\u00fcr Allgemeinmedizin<\/strong> o Praktischer Arzt y estoy muy familiarizado con el servicio de salud austriaco.<\/p>\n<p class=\"p1\">Hablo <strong>espa\u00f1ol, ingl\u00e9s y alem\u00e1n<\/strong> con fluidez y ofrezco consultas, informes m\u00e9dicos y certificados en cualquiera de esos idiomas.<span class=\"Apple-converted-space\">&nbsp;<\/span><\/p>\t\t\t\t\t\t\t\t<\/div>\n\t\t\t\t<\/div>\n\t\t\t\t\t<\/div>\n\t\t<\/div>\n\t\t\t\t<div class=\"elementor-column elementor-col-50 elementor-top-column elementor-element elementor-element-0750a61\" data-id=\"0750a61\" data-element_type=\"column\" data-e-type=\"column\" data-settings=\"{&quot;background_background&quot;:&quot;classic&quot;}\">\n\t\t\t<div class=\"elementor-widget-wrap elementor-element-populated\">\n\t\t\t\t\t\t<div class=\"elementor-element elementor-element-b21473d elementor-hidden-desktop elementor-hidden-tablet elementor-widget elementor-widget-image\" data-id=\"b21473d\" data-element_type=\"widget\" data-e-type=\"widget\" data-widget_type=\"image.default\">\n\t\t\t\t<div class=\"elementor-widget-container\">\n\t\t\t\t\t\t\t\t\t\t\t\t\t\t\t<img decoding=\"async\" src=\"https:\/\/www.familydoc.at\/wp-content\/uploads\/elementor\/thumbs\/DSC_5035-Bearbeitet_k-q25r3athy802hkuqzrwtpxr6wzvqm0l3x8rvahyzv4.jpg\" title=\"DSC_5035-Bearbeitet_k\" alt=\"Stethoscope Jose M. Ozcariz Eizaguirre\" loading=\"lazy\" \/>\t\t\t\t\t\t\t\t\t\t\t\t\t\t\t<\/div>\n\t\t\t\t<\/div>\n\t\t\t\t\t<\/div>\n\t\t<\/div>\n\t\t\t\t\t<\/div>\n\t\t<\/section>\n\t\t\t\t<section class=\"elementor-section elementor-top-section elementor-element elementor-element-dda5530 elementor-section-boxed elementor-section-height-default elementor-section-height-default\" data-id=\"dda5530\" data-element_type=\"section\" data-e-type=\"section\">\n\t\t\t\t\t\t<div class=\"elementor-container elementor-column-gap-default\">\n\t\t\t\t\t<div class=\"elementor-column elementor-col-100 elementor-top-column elementor-element elementor-element-c862ad2\" data-id=\"c862ad2\" data-element_type=\"column\" data-e-type=\"column\">\n\t\t\t<div class=\"elementor-widget-wrap elementor-element-populated\">\n\t\t\t\t\t\t<div class=\"elementor-element elementor-element-688fcd0 elementor-widget elementor-widget-text-editor\" data-id=\"688fcd0\" data-element_type=\"widget\" data-e-type=\"widget\" data-widget_type=\"text-editor.default\">\n\t\t\t\t<div class=\"elementor-widget-container\">\n\t\t\t\t\t\t\t\t\t<p>Por propia experiencia s\u00e9 que ir al m\u00e9dico <strong>en otro pa\u00eds puede<\/strong> resultar una tarea complicada. Adem\u00e1s del lenguaje y las costumbres, tambi\u00e9n se tiene problemas para comprender el sistema de salud y las diferentes formas de entender la medicina de sus profesionales. <span style=\"background-color: var(--nv-site-bg);\">Espero que mi experiencia profesional y dedicaci\u00f3n le ayude a superar estas dificultades.<\/span><\/p>\n\t\t\t\t\t\t\t\t<\/div>\n\t\t\t\t<\/div>\n\t\t\t\t\t<\/div>\n\t\t<\/div>\n\t\t\t\t\t<\/div>\n\t\t<\/section>\n\t\t\t\t<\/div>\n\t\t","protected":false},"excerpt":{"rendered":"<p>Me presento Mi nombre es Jos\u00e9 M. Ozcariz Eizaguirre. Nac\u00ed en la ciudad de San Sebasti\u00e1n en el norte de Espa\u00f1a. Estudi\u00e9 Medicina en la Universidad del Pa\u00eds Vasco ubicada en Bilbao. Despu\u00e9s de terminar mis estudios, decid\u00ed trasladarme a Londres. De 1991 a 1996 trabaje en diferentes departamentos m\u00e9dicos y quir\u00fargicos en varios hospitales&hellip;&nbsp;<a href=\"https:\/\/www.familydoc.at\/index.php\/presentacion\/?lang=es\" rel=\"bookmark\">Read More &raquo;<span class=\"screen-reader-text\">Presentaci\u00f3n<\/span><\/a><\/p>\n","protected":false},"author":2,"featured_media":0,"parent":0,"menu_order":0,"comment_status":"closed","ping_status":"closed","template":"","meta":{"neve_meta_sidebar":"","neve_meta_container":"","neve_meta_enable_content_width":"on","neve_meta_content_width":100,"neve_meta_title_alignment":"","neve_meta_author_avatar":"","neve_post_elements_order":"","neve_meta_disable_header":"","neve_meta_disable_footer":"","neve_meta_disable_title":"on","footnotes":""},"class_list":["post-1801","page","type-page","status-publish","hentry"],"yoast_head":"<!-- This site is optimized with the Yoast SEO plugin v27.1.1 - https:\/\/yoast.com\/product\/yoast-seo-wordpress\/ -->\n<title>Presentaci\u00f3n - Familydoc<\/title>\n<meta name=\"robots\" content=\"index, follow, max-snippet:-1, max-image-preview:large, max-video-preview:-1\" \/>\n<link rel=\"canonical\" href=\"https:\/\/www.familydoc.at\/index.php\/presentacion\/\" \/>\n<meta property=\"og:locale\" content=\"en_US\" \/>\n<meta property=\"og:type\" content=\"article\" \/>\n<meta property=\"og:title\" content=\"Presentaci\u00f3n - Familydoc\" \/>\n<meta property=\"og:description\" content=\"Me presento Mi nombre es Jos\u00e9 M. Ozcariz Eizaguirre. Nac\u00ed en la ciudad de San Sebasti\u00e1n en el norte de Espa\u00f1a. Estudi\u00e9 Medicina en la Universidad del Pa\u00eds Vasco ubicada en Bilbao. Despu\u00e9s de terminar mis estudios, decid\u00ed trasladarme a Londres. De 1991 a 1996 trabaje en diferentes departamentos m\u00e9dicos y quir\u00fargicos en varios hospitales&hellip;&nbsp;Read More &raquo;Presentaci\u00f3n\" \/>\n<meta property=\"og:url\" content=\"https:\/\/www.familydoc.at\/index.php\/presentacion\/?lang=es\" \/>\n<meta property=\"og:site_name\" content=\"Familydoc\" \/>\n<meta property=\"article:modified_time\" content=\"2023-02-20T22:16:02+00:00\" \/>\n<meta property=\"og:image\" content=\"https:\/\/www.familydoc.at\/wp-content\/uploads\/elementor\/thumbs\/DSC_4289Jose_k-q25qsmdiazdsl2d6cnqew4rnyeim5t6w4dya0bt0k0.jpg\" \/>\n<meta name=\"twitter:card\" content=\"summary_large_image\" \/>\n<meta name=\"twitter:label1\" content=\"Est. reading time\" \/>\n\t<meta name=\"twitter:data1\" content=\"1 minute\" \/>\n<script type=\"application\/ld+json\" class=\"yoast-schema-graph\">{\"@context\":\"https:\/\/schema.org\",\"@graph\":[{\"@type\":\"WebPage\",\"@id\":\"https:\/\/www.familydoc.at\/index.php\/presentacion\/?lang=es\",\"url\":\"https:\/\/www.familydoc.at\/index.php\/presentacion\/?lang=es\",\"name\":\"Presentaci\u00f3n - Familydoc\",\"isPartOf\":{\"@id\":\"https:\/\/www.familydoc.at\/#website\"},\"primaryImageOfPage\":{\"@id\":\"https:\/\/www.familydoc.at\/index.php\/presentacion\/?lang=es#primaryimage\"},\"image\":{\"@id\":\"https:\/\/www.familydoc.at\/index.php\/presentacion\/?lang=es#primaryimage\"},\"thumbnailUrl\":\"https:\/\/www.familydoc.at\/wp-content\/uploads\/elementor\/thumbs\/DSC_4289Jose_k-q25qsmdiazdsl2d6cnqew4rnyeim5t6w4dya0bt0k0.jpg\",\"datePublished\":\"2022-08-17T16:38:42+00:00\",\"dateModified\":\"2023-02-20T22:16:02+00:00\",\"breadcrumb\":{\"@id\":\"https:\/\/www.familydoc.at\/index.php\/presentacion\/?lang=es#breadcrumb\"},\"inLanguage\":\"en-US\",\"potentialAction\":[{\"@type\":\"ReadAction\",\"target\":[\"https:\/\/www.familydoc.at\/index.php\/presentacion\/?lang=es\"]}]},{\"@type\":\"ImageObject\",\"inLanguage\":\"en-US\",\"@id\":\"https:\/\/www.familydoc.at\/index.php\/presentacion\/?lang=es#primaryimage\",\"url\":\"https:\/\/www.familydoc.at\/wp-content\/uploads\/elementor\/thumbs\/DSC_4289Jose_k-q25qsmdiazdsl2d6cnqew4rnyeim5t6w4dya0bt0k0.jpg\",\"contentUrl\":\"https:\/\/www.familydoc.at\/wp-content\/uploads\/elementor\/thumbs\/DSC_4289Jose_k-q25qsmdiazdsl2d6cnqew4rnyeim5t6w4dya0bt0k0.jpg\"},{\"@type\":\"BreadcrumbList\",\"@id\":\"https:\/\/www.familydoc.at\/index.php\/presentacion\/?lang=es#breadcrumb\",\"itemListElement\":[{\"@type\":\"ListItem\",\"position\":1,\"name\":\"Startseite\",\"item\":\"https:\/\/www.familydoc.at\/\"},{\"@type\":\"ListItem\",\"position\":2,\"name\":\"Presentaci\u00f3n\"}]},{\"@type\":\"WebSite\",\"@id\":\"https:\/\/www.familydoc.at\/#website\",\"url\":\"https:\/\/www.familydoc.at\/\",\"name\":\"Familydoc\",\"description\":\"General Practitioner - Family Doctor\",\"publisher\":{\"@id\":\"https:\/\/www.familydoc.at\/#organization\"},\"potentialAction\":[{\"@type\":\"SearchAction\",\"target\":{\"@type\":\"EntryPoint\",\"urlTemplate\":\"https:\/\/www.familydoc.at\/?s={search_term_string}\"},\"query-input\":{\"@type\":\"PropertyValueSpecification\",\"valueRequired\":true,\"valueName\":\"search_term_string\"}}],\"inLanguage\":\"en-US\"},{\"@type\":\"Organization\",\"@id\":\"https:\/\/www.familydoc.at\/#organization\",\"name\":\"Familydoc\",\"url\":\"https:\/\/www.familydoc.at\/\",\"logo\":{\"@type\":\"ImageObject\",\"inLanguage\":\"en-US\",\"@id\":\"https:\/\/www.familydoc.at\/#\/schema\/logo\/image\/\",\"url\":\"https:\/\/www.familydoc.at\/wp-content\/uploads\/2022\/08\/11.png\",\"contentUrl\":\"https:\/\/www.familydoc.at\/wp-content\/uploads\/2022\/08\/11.png\",\"width\":3840,\"height\":2160,\"caption\":\"Familydoc\"},\"image\":{\"@id\":\"https:\/\/www.familydoc.at\/#\/schema\/logo\/image\/\"}}]}<\/script>\n<!-- \/ Yoast SEO plugin. -->","yoast_head_json":{"title":"Presentaci\u00f3n - Familydoc","robots":{"index":"index","follow":"follow","max-snippet":"max-snippet:-1","max-image-preview":"max-image-preview:large","max-video-preview":"max-video-preview:-1"},"canonical":"https:\/\/www.familydoc.at\/index.php\/presentacion\/","og_locale":"en_US","og_type":"article","og_title":"Presentaci\u00f3n - Familydoc","og_description":"Me presento Mi nombre es Jos\u00e9 M. Ozcariz Eizaguirre. Nac\u00ed en la ciudad de San Sebasti\u00e1n en el norte de Espa\u00f1a. Estudi\u00e9 Medicina en la Universidad del Pa\u00eds Vasco ubicada en Bilbao. Despu\u00e9s de terminar mis estudios, decid\u00ed trasladarme a Londres. De 1991 a 1996 trabaje en diferentes departamentos m\u00e9dicos y quir\u00fargicos en varios hospitales&hellip;&nbsp;Read More &raquo;Presentaci\u00f3n","og_url":"https:\/\/www.familydoc.at\/index.php\/presentacion\/?lang=es","og_site_name":"Familydoc","article_modified_time":"2023-02-20T22:16:02+00:00","og_image":[{"url":"https:\/\/www.familydoc.at\/wp-content\/uploads\/elementor\/thumbs\/DSC_4289Jose_k-q25qsmdiazdsl2d6cnqew4rnyeim5t6w4dya0bt0k0.jpg","type":"","width":"","height":""}],"twitter_card":"summary_large_image","twitter_misc":{"Est. reading time":"1 minute"},"schema":{"@context":"https:\/\/schema.org","@graph":[{"@type":"WebPage","@id":"https:\/\/www.familydoc.at\/index.php\/presentacion\/?lang=es","url":"https:\/\/www.familydoc.at\/index.php\/presentacion\/?lang=es","name":"Presentaci\u00f3n - Familydoc","isPartOf":{"@id":"https:\/\/www.familydoc.at\/#website"},"primaryImageOfPage":{"@id":"https:\/\/www.familydoc.at\/index.php\/presentacion\/?lang=es#primaryimage"},"image":{"@id":"https:\/\/www.familydoc.at\/index.php\/presentacion\/?lang=es#primaryimage"},"thumbnailUrl":"https:\/\/www.familydoc.at\/wp-content\/uploads\/elementor\/thumbs\/DSC_4289Jose_k-q25qsmdiazdsl2d6cnqew4rnyeim5t6w4dya0bt0k0.jpg","datePublished":"2022-08-17T16:38:42+00:00","dateModified":"2023-02-20T22:16:02+00:00","breadcrumb":{"@id":"https:\/\/www.familydoc.at\/index.php\/presentacion\/?lang=es#breadcrumb"},"inLanguage":"en-US","potentialAction":[{"@type":"ReadAction","target":["https:\/\/www.familydoc.at\/index.php\/presentacion\/?lang=es"]}]},{"@type":"ImageObject","inLanguage":"en-US","@id":"https:\/\/www.familydoc.at\/index.php\/presentacion\/?lang=es#primaryimage","url":"https:\/\/www.familydoc.at\/wp-content\/uploads\/elementor\/thumbs\/DSC_4289Jose_k-q25qsmdiazdsl2d6cnqew4rnyeim5t6w4dya0bt0k0.jpg","contentUrl":"https:\/\/www.familydoc.at\/wp-content\/uploads\/elementor\/thumbs\/DSC_4289Jose_k-q25qsmdiazdsl2d6cnqew4rnyeim5t6w4dya0bt0k0.jpg"},{"@type":"BreadcrumbList","@id":"https:\/\/www.familydoc.at\/index.php\/presentacion\/?lang=es#breadcrumb","itemListElement":[{"@type":"ListItem","position":1,"name":"Startseite","item":"https:\/\/www.familydoc.at\/"},{"@type":"ListItem","position":2,"name":"Presentaci\u00f3n"}]},{"@type":"WebSite","@id":"https:\/\/www.familydoc.at\/#website","url":"https:\/\/www.familydoc.at\/","name":"Familydoc","description":"General Practitioner - Family Doctor","publisher":{"@id":"https:\/\/www.familydoc.at\/#organization"},"potentialAction":[{"@type":"SearchAction","target":{"@type":"EntryPoint","urlTemplate":"https:\/\/www.familydoc.at\/?s={search_term_string}"},"query-input":{"@type":"PropertyValueSpecification","valueRequired":true,"valueName":"search_term_string"}}],"inLanguage":"en-US"},{"@type":"Organization","@id":"https:\/\/www.familydoc.at\/#organization","name":"Familydoc","url":"https:\/\/www.familydoc.at\/","logo":{"@type":"ImageObject","inLanguage":"en-US","@id":"https:\/\/www.familydoc.at\/#\/schema\/logo\/image\/","url":"https:\/\/www.familydoc.at\/wp-content\/uploads\/2022\/08\/11.png","contentUrl":"https:\/\/www.familydoc.at\/wp-content\/uploads\/2022\/08\/11.png","width":3840,"height":2160,"caption":"Familydoc"},"image":{"@id":"https:\/\/www.familydoc.at\/#\/schema\/logo\/image\/"}}]}},"_links":{"self":[{"href":"https:\/\/www.familydoc.at\/index.php\/wp-json\/wp\/v2\/pages\/1801","targetHints":{"allow":["GET"]}}],"collection":[{"href":"https:\/\/www.familydoc.at\/index.php\/wp-json\/wp\/v2\/pages"}],"about":[{"href":"https:\/\/www.familydoc.at\/index.php\/wp-json\/wp\/v2\/types\/page"}],"author":[{"embeddable":true,"href":"https:\/\/www.familydoc.at\/index.php\/wp-json\/wp\/v2\/users\/2"}],"replies":[{"embeddable":true,"href":"https:\/\/www.familydoc.at\/index.php\/wp-json\/wp\/v2\/comments?post=1801"}],"version-history":[{"count":6,"href":"https:\/\/www.familydoc.at\/index.php\/wp-json\/wp\/v2\/pages\/1801\/revisions"}],"predecessor-version":[{"id":2164,"href":"https:\/\/www.familydoc.at\/index.php\/wp-json\/wp\/v2\/pages\/1801\/revisions\/2164"}],"wp:attachment":[{"href":"https:\/\/www.familydoc.at\/index.php\/wp-json\/wp\/v2\/media?parent=1801"}],"curies":[{"name":"wp","href":"https:\/\/api.w.org\/{rel}","templated":true}]}}